 and 9861.
57
Suppose -27*d - 7 = -115. Suppose 1217 = 5*i + d*a - 1007, 3*i - 1336 = -2*a. Calculate the greatest common factor of i and 84.
28
Suppose 34268 = 187*c - 22266 - 3867. What is the greatest common factor of 779 and c?
19
Let n(w) = -w**3 - 7*w**2 + 9*w + 2. Let u be n(-8). Let c = 0 + u. Let o be 9/(c/(-16)*(-2)/(-3)). Calculate the highest common divisor of 48 and o.
12
Suppose 29*b + 286 - 6782 = 0. Calculate the greatest common factor of 266 and b.
14
Suppose -4*c + 50 = -34. Let s(f) = 2*f**2 - 7*f + 6. Let h be s(5). Calculate the highest common factor of c and h.
21
Let g(c) = c**3 + 11*c**2 - 70*c - 743. Let o be g(-11). Suppose n = -3*n. Suppose -3*q + 76 + 5 = n. What is the highest common factor of o and q?
27
Let p(j) = j**3 + 39 - 64 - 6*j**2 + 3*j + 31 + j. Let f be p(6). What is the highest common factor of 6 and f?
6
Let j be (1 - 146/(-6))*(54120/160)/41. Calculate the highest common divisor of 513 and j.
19
Let p be ((-16)/1 + -1)/1. Let w(g) be the second derivative of -g**3/3 - 16*g**2 - 4*g. Let n be w(p). What is the greatest common factor of 20 and n?
2
Let l(w) = w**2 - 3*w - 1. Let t be l(5). Suppose 34344 = 3940*f - 3463*f. What is the greatest common divisor of t and f?
9
Suppose 279 = 44*h + 15. What is the highest common divisor of 291 and h?
3
Suppose -23*z - 47*z = 17*z - 4959. Calculate the highest common divisor of 12521 and z.
19
Suppose -30*v + 16093 + 13517 = 2910. What is the greatest common factor of 110 and v?
10
Let d = -28101 + 28209. What is the highest common factor of d and 888?
12
Let r(n) = -n**2 - 110*n - 214. Let y be r(-108). Calculate the greatest common divisor of y and 278.
2
Let t be 6/(-8) + -1 + (-153)/(-12). Let s(o) = o**2 - o + 17. Let h be s(t). Suppose -7*f + 62 + h = 0. Calculate the highest common factor of f and 3.
3
Let g = -17796 - -18256. Calculate the greatest common factor of g and 2806.
46
Suppose -825*o + 290 = -822*o + 2*a, -5 = a. What is the greatest common divisor of o and 725?
25
Let i(u) = u**3 - 6*u**2 - 3*u - 28. Let x be i(7). Suppose -6*q + 99 + 9 = x. What is the highest common divisor of 42 and q?
6
Let b = -90 - -94. Suppose -c = 2*c - b*o + 20, 4*c + 37 = -5*o. Let n(z) = z**2 + 2*z - 15. Let y be n(c). What is the highest common factor of 22 and y?
11
Suppose -90*h + 2743 + 348 + 1229 = 0. What is the highest common factor of h and 264?
24
Suppose 0 = 5*g + 3*x - 1209, -142 = 2*g + 2*x - 628. Calculate the highest common divisor of g and 860.
20
Let z(a) = a**3 - a**2 + 11*a - 66. Let s be z(4). What is the greatest common factor of s and 754?
26
Suppose -122 = 2*g - 134. Let t(i) be the first derivative of 17*i**2/2 - 6*i - 3. Let j be t(g). What is the greatest common factor of j and 64?
32
Suppose -c - 3*o - 103 = 18, -2*c - 2*o - 226 = 0. Let j be -2 - (-7)/((-28)/20) - -118. Let h = c + j. Calculate the highest common divisor of 7 and h.
1
Let d(f) = -12*f**2 - 191*f + 34. Let o be d(-16). Calculate the highest common factor of 1368 and o.
18
Suppose 2182 = 126*x - 23648. What is the greatest common factor of 533 and x?
41
Let m(p) = -p**3 - 3*p**2 - 44*p - 267. Let n be m(-6). What is the highest common divisor of 1155 and n?
105
Let f = 4309 + -4299. What is the highest common factor of f and 4010?
10
Suppose 29*b - 27*b - 20*b + 426636 = 0. Calculate the greatest common divisor of 56 and b.
14
Let t(k) = -5*k**3 - k - 18. Let s be t(-4). Suppose -6*n = -0*n - s. Calculate the greatest common divisor of 3 and n.
3
Let g be (-1)/((3/(-4))/(-3)). Suppose -3*u + 15 = -3*c + 9, -c - 3*u + 10 = 0. Let p be (2/g + c)/(4/480). What is the greatest common divisor of p and 12?
12
Let b = -57 - 9. Let v be 2 + 95 + 0 + 1. Let o = v + b. What is the greatest common factor of 32 and o?
32
Suppose -89*w = 156 - 1224. Calculate the highest common factor of w and 2148.
12
Suppose 3*r = k + 475, 2*r + 485 = 5*r + 4*k. Suppose -2*f - f - r = 0. Let z be 6 - (-3 - (-11 + 4)) - f. What is the greatest common divisor of 11 and z?
11
Suppose 4*i + 13*j = 12*j + 315, -j - 252 = -3*i. What is the highest common divisor of 23004 and i?
81
Let s(j) = -j**3 + 33*j**2 - 62*j + 10. Let y be s(31). Suppose y = -2*t, -2*b - t = -5*t - 68. Let q = 511 - 199. What is the highest common factor of q and b?
24
Suppose 59 + 29 = -8*y. Let r(z) = -2*z**2 - 21*z + 18. Let k be r(y). Calculate the greatest common factor of k and 175.
7
Let l(c) = 88*c + 9. Let h be l(-2). Let g = h - -299. Calculate the greatest common divisor of g and 24.
12
Suppose -w + 65 = 60. Suppose 5*d + 3*i = 63, 10*i - 9*i = w*d - 59. Let b be -1*(-66)/(-1)*-2. Calculate the highest common factor of d and b.
12
Let h(t) = 3*t**2 - 21*t - 38. Let b be h(16). Let g = 246 - b. Let f = g - -250. Calculate the highest common factor of f and 6.
6
Let p(f) = 333*f + 1388. Let b be p(-4). Calculate the highest common factor of 504 and b.
56
Suppose -174*n - 170 = -5*h - 169*n, 3*n = -3*h + 102. Calculate the highest common divisor of h and 2635.
17
Suppose 4*g - 112 = 4*h, 19*g + 82 = 22*g - 2*h. Let c = 624 + -429. What is the greatest common factor of g and c?
13
Suppose -116*b + 9016 = -229*b + 121*b. Calculate the highest common factor of 644 and b.
161
Let f = -157 + 168. Suppose 5*t = f*t - 12. Calculate the highest common divisor of 24 and t.
2
Let v be (-3255)/(-70)*(-104)/(-6). What is the highest common factor of 186 and v?
62
Suppose 20 = 2*r - 4. Suppose -l - 3696 = -8*l. Suppose 14*d = 18*d - l. What is the greatest common factor of r and d?
12
Suppose -18 = -5*z - 3, -2355 = -8*w - z. Calculate the greatest common factor of 1386 and w.
42
Suppose 3*s = 4*b + 43, 2*b = 5*s - 109 + 14. Let k = s + 22. Let p = k - 27. What is the greatest common divisor of 40 and p?
8
Suppose y = 5*y + j - 23, 3*j = -y + 14. Suppose 0 = -y*z + 90 + 75. What is the greatest common factor of z and 275?
11
Let p be 156/(-9) + 32/24. Let l = p + 448. What is the highest common divisor of l and 48?
48
Suppose 45 + 155 = 5*a. Suppose 4*j - 4*k = 192, 2*j = -3*j - 5*k + 260. What is the highest common factor of a and j?
10
Suppose 95*s + 4869 + 6516 = 104*s. What is the greatest common divisor of s and 165?
55
Let n be (12/8)/(6/2592). What is the highest common factor of 198 and n?
18
Suppose 46*g + 2448 = 50*g. Suppose 34*q - g = 32*q. What is the greatest common factor of 18 and q?
18
Let t be 3/(-5)*-3 - 7/(-35). Let m(n) = -11*n**3 - 2*n**2 + 3*n - 3. Let l be m(t). Let v = -3 - l. What is the highest common factor of v and 135?
45
Let l(p) = -33*p + 5. Let h be l(-3). Suppose -9*g - 70 = -4*g. Let c = 27 + g. What is the highest common divisor of c and h?
13
Let j(h) = 10*h - 7*h + 0*h + 7*h - h**2 - 15. Let p be j(7). Let u be (339/p + 2)*(-20)/(-30). Calculate the highest common divisor of u and 26.
13
Let u(q) = 12*q**2 + 4*q + 1. Let p(m) = m**3 - 6*m**2 + 4*m - 20. Let b be p(6). Let t be u(b). Calculate the highest common divisor of 22 and t.
11
Let m = 730 + -714. What is the highest common divisor of m and 1496?
8
Let p(k) = -3*k**2 - 51*k + 17. Let q be p(-17). Let j be q/(-68) + (-138)/(-8). Let i = 59 + -8. Calculate the greatest common divisor of i and j.
17
Let u be (8/(-10) + 2)*10. Let a = -54 + 67. Suppose -a*o + 489 = -57. Calculate the highest common factor of o and u.
6
Suppose 0 = -a - 5*v, 11*a - 3*v - 28 = 6*a. Let u = 55 - a. What is the greatest common divisor of u and 75?
25
Suppose 0 = 2*p - 3*z - 560, 0 = 3*p - 0*p + 5*z - 821. Let t = -201 + p. What is the greatest common factor of t and 608?
76
Let g(f) = -f**3 + 9*f**2 + 5*f + 16. Let n be g(11). Let i = 16 - n. Let d(k) = -k + 21. Let c be d(4). Calculate the highest common factor of c and i.
17
Suppose 5*g = 4*i + 9510, 4*g - 7577 = 41*i - 44*i. Calculate the greatest common factor of g and 438.
146
Let k be 1/((-4)/(-140)*(-15)/(-174)). Let g = 706 - k. Let q = 339 + -219. What is the greatest common factor of g and q?
60
Let d = 74 - -368. Suppose -34*l - 170 = -d. Let g(o) = 24*o**3 - o**2 + 2*o - 1. Let k be g(1). What is the greatest common divisor of l and k?
8
Let r(b) = -2*b**3 + 194*b**2 - 185*b + 752. Let m be r(96). What is the greatest common factor of m and 48?
16
Let h = -10761 + 11653. What is the greatest common div